*v - 4*v + 27 = -3*t, 2*v = -5*t - 30. Calculate f(t).
8
Let r(p) = p**2 - 13*p + 6. Let t(c) = -c**2 + 14*c - 4. Let f(k) = -2*r(k) - 3*t(k). Calculate f(16).
0
Let r(x) = -7*x**3 + x**2 - 2*x + 1. Suppose -4*l + 11 = -3*k, l - 4*l = -5*k. Let b be (1/(-1))/(1/l). Let h = b + 6. What is r(h)?
-7
Let a(y) be the third derivative of y**5/60 - 7*y**4/24 + y**3/2 + 8*y**2. Calculate a(5).
-7
Let s(m) = -9*m**3 - m**2 + 1. Let f be (3/12)/((-3)/12). Determine s(f).
9
Let m be 5/10*0*-1. Let v(x) be the second derivative of x**3/6 + 3*x**2/2 - x. Calculate v(m).
3
Let g(z) = -z**2 - 7*z + 1. Let k be g(-3). Let r = k - 11. Let c(y) = y**2 - y + 1. Determine c(r).
3
Let z be -2*(1/(-2) + -2). Let q(s) = -s**2 + 5*s + 6. Calculate q(z).
6
Let h(t) = 3*t - 1. Let i = -16 + 17. Calculate h(i).
2
Suppose -3*u + 15 = -3*d - 0*d, 3*d + 9 = -3*u. Let y(h) = u - 6*h + 4*h + 3*h. Determine y(-1).
0
Let z(r) = -2*r - 3. Let k be (-8 - -13) + (-1)/1. What is z(k)?
-11
Let a = 6 + -3. Let i(z) = -4 - a - 2*z + 0*z + 3. Calculate i(-5).
6
Suppose -2*f = -0*f - 6. Let x(k) = k**3 + 4*k**2 + 4*k - 2. Let d(w) = 2*w**3 + 9*w**2 + 9*w - 5. Let a(t) = f*d(t) - 7*x(t). Give a(-2).
5
Suppose 0 = -x + 4*f - 17, 2*x - 2*f + 0*f = -4. Let s(o) = 1 + x*o - o + o - 2*o. What is s(3)?
4
Let y(h) = 3*h + 2 - 4 + 2*h + 2*h**2 - 3*h. Determine y(2).
10
Let h(x) = -x + 3. Suppose 3 = m - 7. Suppose -5*s + 5*y = 0, m*y - 5*y = 0. Let w be (-3 - s)/(-4 - -3). Determine h(w).
0
Let b(t) = 1. Let o(z) = z**2 - 6*z + 2. Let u(c) = -5*b(c) + o(c). Let q be u(7). Let v(d) = -2*d**2 - q + 7*d**2 + 0*d**2 + 4*d - 6*d**2. Determine v(5).
-9
Let t(a) = a**2 + a + 3. Let f be t(0). Let g be -5*(7/(-5) - -1). Let j(s) = -s + 0*s**f - 10 + s**3 + 0*s + s**g. What is j(0)?
-10
Let p = 6 + -11. Let s = 17 - 10. Let o(v) = -4*v + 2*v - 2 + v - s. Give o(p).
-4
Let l(i) = i - 1. Let t(k) = -2*k + 3. Let b(n) = 3*l(n) + t(n). Determine b(-3).
-3
Let a(r) = 2*r + 4. Suppose 4 = 4*w, -3*b - 4*w - 10 = w. Let l = b - -8. Suppose 0 = -n - 3*i, 4*i - 1 = l. What is a(n)?
-2
Let a = -24 - -16. Let v = a + 5. Let q(x) = x - 2. Calculate q(v).
-5
Let n(q) = q - 3. Let c be n(8). Let m(x) = 6*x - 1. Let j(o) = 5*o - 2. Let l(h) = c*j(h) - 4*m(h). Determine l(5).
-1
Let t = -61 + 57. Let s(v) be the third derivative of v**4/24 - v**3/6 - 2*v**2. Determine s(t).
-5
Let z(k) = 2*k**2 - 5*k**3 + 38 - 8*k**3 - 39 + k**3. Calculate z(-1).
13
Let s(o) = -o**2 + 11*o - 8. Let h(n) = -n**2 + 12*n - 9. Let p(w) = 5*h(w) - 6*s(w). Give p(7).
10
Let a(x) = -x**3 + 6*x**2 - 5*x + 5. Let k be -4 - ((-6)/2 + -4 - 2). Give a(k).
5
Suppose t - 2*m + 6 = -3, 2*m - 16 = 2*t. Let l(y) = y**2 + 8*y - 1. Determine l(t).
-8
Let n(g) = -g**2 + 3*g - 1. Let k be (-2)/(-7) - 744/56. Let o = k - -15. Calculate n(o).
1
Let w(c) = c. Let i be w(4). Let b(y) = 9*y**3 + y**2 - 13*y - 10. Let o(l) = 4*l**3 - 6*l - 5. Let g(z) = 3*b(z) - 7*o(z). Determine g(i).
1
Let m(d) be the first derivative of d**3/3 + d**2 + 2*d + 2. What is m(-2)?
2
Suppose 0 = -l - l. Let i(v) = -v + 14. Give i(l).
14
Let x(k) = k**3 - 3*k**2 - 5*k + 6. Let y be x(4). Suppose 2*r - 4*r = -6. Let d(l) = 2*l - r + 2*l - l. Determine d(y).
3
Suppose -2*t - 8 = -6*t. Let v be -5 + (-6)/(0 - t). Let u(b) = -2*b - 1. Let m(x) = -x. Let q(s) = 7*m(s) - 4*u(s). Determine q(v).
2
Let y = 4 - 3. Let t(w) = w - 1. What is t(y)?
0
Let q(u) = u**3 + u**2 - 2. Let k be q(0). Suppose 6 = -h + 4*h. Let w(b) = -h*b + 2*b**2 + 0 - 1 - 4*b**2. Determine w(k).
-5
Let j(c) = c**3 - 6*c**2 + 5*c. Let l(b) = -6*b - 1. Let h(s) = -s**2 - 7*s - 7. Let t be h(-6). Let d be l(t). Determine j(d).
0
Let p be 2*2*(-6)/4. Suppose 2*y + b = 6*b + 41, -4*y + 4*b + 52 = 0. Let z = y + p. Let m(d) = 2*d. Calculate m(z).
4
Let s(i) = 19*i + i**2 + 4 + 7*i**2 - i**3 - 26*i. Determine s(7).
4
Suppose 4*w + 0*w = 4. Let j(b) = 23*b**2 - 9*b - 15. Let g(h) = -11*h**2 + 4*h + 7. Let s(u) = 13*g(u) + 6*j(u). Give s(w).
-6
Suppose 5*g = 4*y, 4*g = -0*y - 2*y + 26. Let d(s) = -7*s**3 - 7 + 7*s**2 - s**3 - s**2 + 7*s**3 - 4*s. Calculate d(y).
-2
Let p(b) = b + 9. Let c(i) = 1. Let y(v) = -c(v) - p(v). Let w be y(-7). Let g(t) = t**2 - t - 2*t**2 + 0 + 0 - 3. Calculate g(w).
-9
Let v(d) = 6*d - 1. Let q(w) = -w. Let l(i) = -4*q(i) - v(i). Give l(-4).
9
Let l be 34/8 + (-1)/4. Let h(y) = -y**2 + 6*y - 3. Let i be h(l). Let d(w) = -4*w - 1 + 4*w**3 - 3*w**3 - 4*w**2 + 0*w**3. Calculate d(i).
4
Let d(q) = -4*q - 1. Let z be (-4)/(-1*(1 + 0)). Suppose 3*t - 5 = -0*o - z*o, -4*t + 15 = -3*o. Suppose 0 = 3*b - t*v - 2*v - 9, b - 2*v = 4. Determine d(b).
7
Let q = -3 + 3. Let c(x) = x**3 - 2*x + q*x**3 + 0*x**3 + 1. Suppose -10*k + 4 = -6*k. Determine c(k).
0
Let z(l) be the second derivative of l**5/20 - l**3/6 + l**2/2 - 2*l - 16. Determine z(-3).
-23
Suppose -5*o + 0*o = 5. Let q(z) be the first derivative of -3*z**4 - z**2 - z - 19. Calculate q(o).
13
Let c(n) = 5*n**3 + 5*n**2 - 19*n - 11. Let z(m) = 2*m**3 + 3*m**2 - 9*m - 5. Let i(s) = 3*c(s) - 7*z(s). Calculate i(5).
7
Let l(k) = k**3 + 3*k**2 - k + 2. Let r(h) = h**3 - 12*h**2 + h. Let z be r(12). Suppose -5*y = -10 - 5. Suppose 0*q + z = -y*q. What is l(q)?
-10
Let z(w) be the first derivative of w**3 - 3*w**2/2 + 5. Calculate z(2).
6
Let c(w) = 19*w - 3. Let g be c(2). Suppose -4*l = -25 - g. Suppose -2*i - i - l = -2*m, i + 3 = 0. Let s(j) = -j**2 + 3. What is s(m)?
-6
Suppose 3*z = -z + 8. Suppose -z*s + 6 - 2 = 0. Let x(k) = 4*k**2 + 3 - 1 - 3*k**s. Give x(0).
2
Let t(k) be the second derivative of k**4/12 + k. Suppose 2*y - 2 - 2 = 0. Let u = y + 0. Determine t(u).
4
Let v(y) = y**2 - 6*y + 5. Suppose 2*l - 25 = -3*l. Determine v(l).
0
Suppose -s + 5*s = 20. Let f(v) = -s*v - 9 + 0*v + 4*v. Determine f(-5).
-4
Let o be ((-2)/(-4))/(9/18). Let m(i) = -6*i**3 + 2*i**2 - 2*i + 1. Calculate m(o).
-5
Suppose -48 = 2*g - 14*g. Let f(k) = k**3 - 4*k**2 + 3*k - 1. Give f(g).
11
Let q(u) = 0*u**3 + 2 - 3*u - u**3 - 11*u**2 - 3*u + 4*u**2. What is q(-6)?
2
Let t(l) be the second derivative of l**4/12 + l**2/2 + 3*l. Determine t(3).
10
Let n = 6 + -3. Suppose -l - n*h = -2, 0 = -l + 2*l + h - 2. Let s(m) = -m**2 + 0*m**2 - 2 + 5*m + 2*m**2 - 2*m**l. What is s(5)?
-2
Let m(u) = -u**3 + 5*u**2 - 3*u + 1. Let p = -3 + 7. Calculate m(p).
5
Let v(g) = g**3 - g**2 + g - 1. Let i be (-1)/2*(-22)/11. Calculate v(i).
0
Let w(t) be the third derivative of 0*t - t**2 - 1/6*t**3 + 1/24*t**4 + 1/120*t**5 + 0. Let a(l) be the first derivative of w(l). Determine a(-2).
-1
Let w = 18 - 22. Let p(t) be the first derivative of -t**4/4 - 4*t**3/3 + t**2/2 - 1. Determine p(w).
-4
Let w = -18 + 22. Let k be ((-2)/w)/((-5)/(-30)). Let c(f) be the first derivative of 2*f**3/3 + 3*f**2/2 + f - 1. What is c(k)?
10
Let r(h) = h**2 - 3*h - 4. Let o(f) = -f**2 + 2*f + 3. Let n(d) = 5*o(d) + 4*r(d). Determine n(-2).
-1
Let b(w) = 2*w + 5 + w - 5*w. Let u be b(5). Let q(z) = -z**3 - 6*z**2 - 5*z + 1. Give q(u).
1
Let k(h) = -h - 1. Let b(s) = -s + 4. Let w be b(3). Let j(m) = m + 2. Let v(r) = w*j(r) - k(r). Give v(-2).
-1
Let p(l) = 3*l**2 + l + 1. Let i(b) = 4 + b + 2*b - 2*b - 2*b. Let u be i(5). Give p(u).
3
Suppose 0 = -4*n - 21 + 1. Let u(x) = -x - 5. Let f(s) = -2*s - 9. Let v(m) = n*u(m) + 3*f(m). Let p = 273 + -273. What is v(p)?
-2
Let k(a) = -a**2 + 4*a + 6. Let z be k(5). Let u(q) be the third derivative of q**5/12 + q**4/24 + 14*q**2. What is u(z)?
6
Let s = -11 - -18. Let o(m) = m - 2. Calculate o(s).
5
Let b = -11 - -20. Let r(g) = 11*g**3 + 5*g**2 + 5*g - 2. Let q(o) = 5*o**3 + 2*o**2 + 2*o - 1. Let d(c) = b*q(c) - 4*r(c). What is d(-1)?
-2
Let l(r) = 8*r**2 + 3*r + 11. Let z(j) = 7*j**2 + 3*j + 10. Let q(b) = 6*l(b) - 7*z(b). Suppose 3*t - 1 = 8. Suppose t*p - 3 = -15. What is q(p)?
-8
Let b(v) = -3*v + 4. Suppose 4*x - 2*q + 10 - 26 = 0, -20 = -5*x + 5*q. Suppose 5*w = -x*n - 4 + 3, 4*w = 5*n + 32. Give b(w).
-5
Suppose -5*u - 5 = 0, 5*d - 4*u = d + 20. Let r(t) = -3*t + 4. Calculate r(d).
-8
Let p = -6 + 7. Let f(l) = -l. Let w(m) = -5 + 4 + 0. Let d(k) = -4*f(k) + w(k). Give d(p).
3
Suppose 4*f + 27 = f. Let t = f - -21. Suppose 5*j - 1 = m - 12, 0 = 2*m - 5*j - t. Let q(l) = 6*l**2 - l + 1. Give q(m).
6
Let n(q) = -q**2 + 5*q + 1. Let s = 11 + -8. Suppose -38 = -s*o